981 - 731. What is the remainder when u is divided by 9?
7
Let o = -728 - -819. Calculate the remainder when o is divided by 21.
7
Suppose k = -2*o - 2*o + 15, -3*k + 3*o = -45. What is the remainder when 96 is divided by k?
6
Let w = -200 + 58. Calculate the remainder when 193 is divided by w/(-5) + (-4)/10.
25
What is the remainder when ((-190)/(-3))/(180/270) is divided by 16?
15
Let w(h) = h**3 + 5*h**2 + h + 3. What is the remainder when 89 is divided by w(-4)?
14
Suppose 3*k + 26 = q - 7, -q + 57 = -5*k. Let f = 24 + k. Let p(s) = 2*s + 29. What is the remainder when p(9) is divided by f?
11
Calculate the remainder when 172 is divided by (6 - (-40)/(-6))/((-2)/21).
4
Let j(b) = 33*b - 279. Calculate the remainder when j(9) is divided by 15.
3
Let q(z) = 98*z - 31. Calculate the remainder when q(1) is divided by 12.
7
Let b = 55 + -77. Let z = -11 - 25. Let i = b - z. What is the remainder when 55 is divided by i?
13
Suppose -5*n + 5 = 2*f - 112, 5*n - 109 = -4*f. Suppose 0 = 3*a - n + 10. What is the remainder when 14 is divided by a?
4
Suppose c + c = -3*v - 44, 3*c - 105 = 5*v. What is the remainder when 6 is divided by ((-10)/(-45))/(-1) + (-58)/v?
0
Let g(q) = -q**3 - 8*q**2 - 8*q + 5. Let r be g(-7). Suppose -18 = -s + r. Let d(b) = -2*b + 45. Calculate the remainder when d(-22) is divided by s.
29
What is the remainder when 12 - (3 + 49/(-7)) is divided by 3?
1
Suppose 4*x - 9*x = 4*o - 563, 12 = 4*x. Let h = 21 + 7. Calculate the remainder when o is divided by h.
25
Let j(y) = 2*y**2 + 7*y - 95. Suppose -231 - 279 = -5*w. What is the remainder when w is divided by j(7)?
50
Calculate the remainder when (279/6)/(36/8 - 4) is divided by 29.
6
Suppose 8*n = n + 1946. Calculate the remainder when n is divided by 20.
18
Let r = 243 + -240. Suppose -h + k + 6 = 2*h, -2*h - 4*k + 18 = 0. Suppose h*i - 5 + 2 = -4*f, -4*i = 4*f. What is the remainder when f is divided by r?
0
Suppose -4*o + 21 = 5*v - 200, 3*v + 132 = 3*o. Let b = o + -38. Calculate the remainder when (126/(-12))/((-1)/2) is divided by b.
10
Suppose 0 = -2*t + 89 - 27. Suppose 5*u - t + 6 = 0. What is the remainder when 9 is divided by u?
4
Calculate the remainder when 147 is divided by 18/42 - (-2160)/56.
30
Suppose 13*m = 15*m - 4. Suppose -m*h + 33 - 7 = 0. Calculate the remainder when h is divided by (3 + -2)/((-2)/(-8)).
1
Let x = -241 - -278. Suppose -50 = -5*w - 5*v, 2*v - 17 = -2*w - 3*v. Let r = x - w. What is the remainder when r is divided by 14?
12
Suppose 56*t = 61*t. What is the remainder when -57*(-7)/3 + t is divided by 45?
43
Let s = 877 + -846. What is the remainder when 116 is divided by s?
23
Let g(a) = -a**3 + 6*a**2 + 7*a - 12. Suppose 4*j - 37 = 63. Calculate the remainder when g(4) is divided by j.
23
Suppose 210 = 10*l - 0*l. Calculate the remainder when 72 is divided by l.
9
Suppose -j + 3*j - 70 = 0. Let b be (-11 + 49)/((-2)/(-1)). What is the remainder when j is divided by 1/(-1 - -2)*b?
16
Let z(y) = -2*y**2 - 135*y - 467. What is the remainder when z(-63) is divided by 13?
9
Let t(w) = -2*w**3 - 10*w**2 - 3*w - 8. Let a(j) = j**3 + j**2 - 2. Let h(z) = a(z) + t(z). Let m = 13 + -22. What is the remainder when h(m) is divided by 9?
8
Let b(a) = 3*a + 135. Calculate the remainder when 139 is divided by b(-33).
31
Suppose 721 - 593 = 8*n. Suppose c - 3*w = 57, 4*c - 2*w = 2*w + 244. What is the remainder when c is divided by n?
15
Let a be (33 - 33)/(0 + 1). Let s(p) = -2*p + 1. Let k be s(-1). Suppose a = k*b - 0*b - 45. Calculate the remainder when b is divided by 4.
3
Let n = -32 + 66. Let c be (4/(-14))/((-5)/70). Suppose 1 = -x, -3*l - 3*x + c*x = -n. What is the remainder when 19 is divided by l?
8
Calculate the remainder when 123 is divided by (-18)/(-81) - (3 - 440/45).
4
Let t = 263 - 214. What is the remainder when t is divided by 29?
20
Let n(j) = -j**3 - 2*j**2 - 4*j - 1. Let b be ((-6)/(-8))/((-12)/192). Let f be 40/b - (-2)/6. What is the remainder when n(f) is divided by 7?
6
Let y = -2 - -6. Suppose 3*s - q - 26 = 0, 2*s - 3*q = -y*q + 14. What is the remainder when 11 is divided by s?
3
Suppose 3*k = 36 + 39. Calculate the remainder when 33 is divided by k.
8
Let n(c) = -c**2 - 30*c + 63. Calculate the remainder when n(-20) is divided by 24.
23
Calculate the remainder when (44*-1)/(140/(-175)) is divided by 2.
1
Let k = 109 - 74. What is the remainder when 40 is divided by k?
5
Suppose 0 = z + 4*o + 4 + 1, 0 = -3*z + 2*o + 13. Calculate the remainder when 49 is divided by z.
1
Let w be 170/(-8) + (-1)/(-4). Let k be 6/w + (-4236)/(-28). Calculate the remainder when 1/(-3) + k/3 is divided by 13.
11
Let w(r) = -3*r**3 - r - 1. Let g = 83 + -79. What is the remainder when g is divided by w(-1)?
1
Let t(d) = d**2 - 6*d + 5. Let h be 0 - 8/(-7 + 3). Suppose -57 = -h*k - k. What is the remainder when k is divided by t(6)?
4
Let f be 340/10*(-1)/2. Let h = f + 20. Suppose -2*a + 3*a = h. What is the remainder when 6 is divided by a?
0
Suppose 8 = -2*a - 8. Let d(n) = n**2 + 4*n - 7. What is the remainder when 99 is divided by d(a)?
24
Suppose 0 = 3*f - 0*f - 39. Suppose 0 = -x + 83*x - 807 - 1079. What is the remainder when x is divided by f?
10
Suppose -3*x = c - 100 - 108, -2*c - 3*x = -407. Let l = c - 12. What is the remainder when 4/14 - l/(-7) is divided by 10?
7
Suppose -107 = 5*o - 347. Suppose -o = 5*v - 8*v. What is the remainder when 60 is divided by v?
12
Let b(a) = -a**3 - 16*a**2 - 15*a + 9. Suppose 4*w + 0*w - 68 = 0. What is the remainder when w is divided by b(-15)?
8
Suppose 0 = -2*t - 0*t + 3*t. Suppose t = 3*f - 0*f - 84. Calculate the remainder when f is divided by 9.
1
Suppose -208 = -5*r - 4*j, 5*r - 117 - 75 = 4*j. Let u = 75 - r. Let i(b) = -4*b**2 + 58*b - 16. Calculate the remainder when u is divided by i(14).
11
Let o(v) = 3*v + 11 - 49 + 26. What is the remainder when 33 is divided by o(7)?
6
Let l = -119 - -67. Let x be (-5)/(15/(-216))*-2. Let t = l - x. What is the remainder when t is divided by 24?
20
Let a(h) = 613*h**3 + h**2 + 2*h - 3. Calculate the remainder when a(1) is divided by 15.
13
Let b be (-2889)/(-45) - (-2)/(-10). Let g = -33 + b. Calculate the remainder when g is divided by 17.
14
Suppose 0 = 4*n + 14 - 22, j = -2*n + 41. What is the remainder when j is divided by 17?
3
Suppose -5*j = -3*h + 20, -3*h + 10 + 0 = 5*j. Suppose -h*k + 2*i - 6*i + 172 = 0, -32 = -k - 2*i. Calculate the remainder when k/(-8)*(-4)/6 is divided by 1.
0
Let q(y) = 3*y - 22. Let c(z) = z + 25. Let o be c(-11). Calculate the remainder when 79 is divided by q(o).
19
Suppose 0*u + 4*u - 4*a - 120 = 0, -3*a + 65 = 2*u. What is the remainder when u is divided by 8?
7
Let l be 120/7*(-63)/(-6). Suppose -l = -2*n - 2*n. What is the remainder when n is divided by 24?
21
Suppose -4*p + 62 = -18. Let m = p - 16. Suppose -m + 0 = -t. What is the remainder when 5 is divided by t?
1
Let a(g) be the second derivative of -37*g**3/6 + 2*g. Suppose 5*h - 16 = 79. Calculate the remainder when a(-1) is divided by h.
18
Let p = 139 + -80. Suppose 5*r + p = 2*b, 33 = -3*b + 2*r + 94. Calculate the remainder when 32 is divided by b.
15
Let z = -587 - -597. Suppose -4*t + 68 = 4*o - 16, -37 = -2*o - t. Calculate the remainder when o is divided by z.
6
Suppose 4*n - 4*r + 116 = 556, r = -1. Calculate the remainder when n is divided by 14.
11
Let v(j) = 4*j**2 + 22*j + 14. Calculate the remainder when 71 is divided by v(-6).
19
Let v(y) = -y**3 + 3*y + 3. Suppose 0 = -k - 5*d - 0*d + 4, 5*d - 7 = 2*k. What is the remainder when v(-3) is divided by (0 - k)/(2/22)?
10
Let b(h) = h**2 + 7*h - 178. What is the remainder when 198 is divided by b(-18)?
18
Let y(q) = 2*q**2 + 6*q - 32. Suppose n = -n - 6, 4*d + 5*n = -3. Calculate the remainder when y(-6) is divided by d.
1
Let w = -83 - -88. Suppose 0 = -4*f + 12, 3*o = -2*f + w*f - 3. Calculate the remainder when (-2)/(-2 - (-1 + 0)) is divided by o.
0
Let n(a) = -14*a + 3. Suppose 4*s - 16 = 0, -2*s + 16 = 2*t + 3*s. What is the remainder when 61 is divided by n(t)?
30
Let k = 150 + -105. Calculate the remainder when 196 is divided by k.
16
Suppose 40*l - 675 = 31*l. What is the remainder when l is divided by 9?
3
Suppose -19*p = -20*p + 8. Suppose -4*h + p = -2*h. Calculate the remainde